it of 37606?
0
What is the tens digit of 195?
9
What is the tens digit of 1254?
5
What is the units digit of 226?
6
What is the ten thousands digit of 10238?
1
What is the thousands digit of 5340?
5
What is the units digit of 14931?
1
What is the ten thousands digit of 10633?
1
What is the hundred thousands digit of 116053?
1
What is the hundreds digit of 1857?
8
What is the tens digit of 124168?
6
What is the tens digit of 4814?
1
What is the units digit of 10921?
1
What is the tens digit of 15230?
3
What is the units digit of 3908?
8
What is the hundreds digit of 4791?
7
What is the tens digit of 72873?
7
What is the tens digit of 32319?
1
What is the hundreds digit of 2153?
1
What is the units digit of 13118?
8
What is the tens digit of 312?
1
What is the hundreds digit of 8068?
0
What is the tens digit of 1385?
8
What is the hundreds digit of 5176?
1
What is the hundreds digit of 580?
5
What is the hundreds digit of 11877?
8
What is the tens digit of 2607?
0
What is the thousands digit of 1494?
1
What is the ten thousands digit of 27651?
2
What is the tens digit of 85?
8
What is the units digit of 520?
0
What is the units digit of 125217?
7
What is the thousands digit of 19849?
9
What is the hundreds digit of 206?
2
What is the units digit of 12194?
4
What is the tens digit of 867?
6
What is the hundreds digit of 1982?
9
What is the thousands digit of 6659?
6
What is the tens digit of 2848?
4
What is the hundreds digit of 2949?
9
What is the thousands digit of 3819?
3
What is the thousands digit of 128185?
8
What is the thousands digit of 2852?
2
What is the units digit of 175?
5
What is the units digit of 10353?
3
What is the thousands digit of 1281?
1
What is the thousands digit of 8881?
8
What is the tens digit of 22547?
4
What is the units digit of 812?
2
What is the units digit of 1382?
2
What is the units digit of 2175?
5
What is the tens digit of 38173?
7
What is the tens digit of 38929?
2
What is the tens digit of 6544?
4
What is the hundreds digit of 2336?
3
What is the hundreds digit of 20994?
9
What is the tens digit of 666?
6
What is the units digit of 3243?
3
What is the thousands digit of 155973?
5
What is the thousands digit of 4738?
4
What is the tens digit of 921?
2
What is the hundreds digit of 349?
3
What is the hundreds digit of 40133?
1
What is the units digit of 36205?
5
What is the units digit of 8014?
4
What is the hundreds digit of 4046?
0
What is the thousands digit of 11799?
1
What is the tens digit of 8967?
6
What is the tens digit of 17641?
4
What is the units digit of 725?
5
What is the ten thousands digit of 55464?
5
What is the thousands digit of 8620?
8
What is the hundreds digit of 98121?
1
What is the hundreds digit of 68406?
4
What is the thousands digit of 2121?
2
What is the units digit of 4117?
7
What is the units digit of 1322?
2
What is the thousands digit of 1765?
1
What is the tens digit of 274?
7
What is the hundreds digit of 18072?
0
What is the hundreds digit of 62848?
8
What is the tens digit of 342?
4
What is the ten thousands digit of 10461?
1
What is the tens digit of 6053?
5
What is the units digit of 13961?
1
What is the tens digit of 15462?
6
What is the ten thousands digit of 12482?
1
What is the tens digit of 1537?
3
What is the hundreds digit of 44488?
4
What is the tens digit of 92?
9
What is the units digit of 13541?
1
What is the thousands digit of 8627?
8
What is the hundreds digit of 230?
2
What is the units digit of 1981?
1
What is the ten thousands digit of 26949?
2
What is the units digit of 4956?
6
What is the units digit of 9300?
0
What is the thousands digit of 150564?
0
What is the thousands digit of 5173?
5
What is the hundreds digit of 2166?
1
What is the units digit of 12830?
0
What is the hundreds digit of 1962?
9
What is the hundreds digit of 230?
2
What is the tens digit of 3597?
9
What is the tens digit of 308?
0
What is the tens digit of 901?
0
What is the thousands digit of 1294?
1
What is the hundreds digit of 26103?
1
What is the units digit of 3282?
2
What is the hundreds digit of 138?
1
What is the hundreds digit of 36293?
2
What is the tens digit of 4904?
0
What is the hundred thousands digit of 127761?
1
What is the units digit of 6537?
7
What is the units digit of 2306?
6
What is the thousands digit of 32525?
2
What is the tens digit of 105680?
8
What is the units digit of 7988?
8
What is the units digit of 1475?
5
What is the thousands digit of 4258?
4
What is the hundreds digit of 50616?
6
What is the ten thousands digit of 75050?
7
What is the units digit of 34726?
6
What is the tens digit of 46173?
7
What is the hundreds digit of 261?
2
What is the thousands digit of 23927?
3
What is the hundreds digit of 5090?
0
What is the tens digit of 980?
8
What is the units digit of 56?
6
What is the thousands digit of 17254?
7
What is the units digit of 706?
6
What is the tens digit of 40809?
0
What is the hundreds digit of 4955?
9
What is the units digit of 6751?
1
What is the tens digit of 21359?
5
What is the tens digit of 3676?
7
What is the hundreds digit of 35687?
6
What is the units digit of 1129?
9
What is the ten thousands digit of 81624?
8
What is the tens digit of 8001?
0
What is the ten thousands digit of 34573?
3
What is the tens digit of 10925?
2
What is the tens digit of 4714?
1
What is the units digit of 454?
4
What is the units digit of 4286?
6
What is the thousands digit of 4564?
4
What is the hundred thousands digit of 104208?
1
What is the units digit of 2917?
7
What is the units digit of 26?
6
What is the thousands digit of 2051?
2
What is the thousands digit of 1680?
1
What is the units digit of 857?
7
What is the tens digit of 54141?
4
What is the tens digit of 88?
8
What is the ten thousands digit of 12783?
1
What is the ten thousands digit of 11247?
1
What is the tens digit of 871?
7
What is the tens digit of 70441?
4
What is the tens digit of 1287?
8
What is the thousands digit of 3901?
3
What is the tens digit of 662?
6
What is the tens digit of 1476?
7
What is the hundreds digit of 14275?
2
What is the tens digit of 220?
2
What is the hundreds digit of 2295?
2
What is the hundreds digit of 1845?
8
What is the thousands digit of 23495?
3
What is the tens digit of 424?
2
What is the units digit of 5829?
9
What is the units digit of 1100?
0
What is the hundreds digit of 2211?
2
What is the thousands digit of 6364?
6
What is the ten thousands digit of 14361?
1
What is the thousands digit of 2491?
2
What is the tens digit of 3976?
7
What is the hundreds digit of 26983?
9
What is the units digit of 9085?
5
What is the units digit of 25396?
6
What is the tens digit of 656?
5
What is the thousands digit of 16078?
6
What is the thousands digit of 4732?
4
What is the hundreds digit of 68164?
1
What is the tens digit of 75908?
0
What is the units digit of 1135?
5
What is the tens digit of 996?
9
What is the hundreds digit of 1121?
1
What is the hundreds digit of 90870?
8
What is the ten thousands digit of 10781?
1
What is the tens digit of 63248?
4
What is the tens digit of 230?
3
What is the tens digit of 56880?
8
What is the thousands digit of 2206?
2
What is the hundreds digit of 7846?
8
What is the units digit of 2534?
4
What is the units digit of 7848?
8
What is the tens digit of 4634?
3
What is the units digit of 487?
7
What is the tens digit of 150?
5
What is the units digit of 42859?
9
What is the units digit of 25123?
3
What is the tens digit of 14443?
4
What is the units digit of 3297?
7
What is the hundreds digit of 3754?
7
What is the tens digit of 835?
3
What is the thousands digit of 8086?
8
What is the tens digit of 52809?
0
What is the units digit of 21140?
0
What is the units digit of 42545?
5
What is the units digit of 10354?
4
What is the hundreds digit of 3237?
2
What is the hundreds digit of 18493?
4
What is the hundreds digit of 29359?
3
What is the tens digit of 775?
7
What is the tens digit of 1500?
0
What is the hundreds digit of 43454?
4
What is the units digit of 67802?
2
What is the hundreds digit of 5778?
7
What is the tens digit of 3161?
6
What is the hundreds digit of 750?
7
What is the tens digit of 7754?
5
What is the units digit of 498?
8
What is the tens digit of 1190?
9
What is the thousands digit of 2379?